 remainder when w is divided by (9 + -6)*j/(-6).
15
Let l = -1 + 6. Let t(i) = -22*i**2 + 157*i + 1. Let x be t(7). Suppose v = 2*m + 23, -l*m + 2*m - x = -v. What is the remainder when v is divided by 14?
11
Let u(r) = r**3 - 8*r**2 + 3*r - 12. Suppose -3*l = 6 - 30. Suppose -170 = -7*g + 2*g. Calculate the remainder when g is divided by u(l).
10
Suppose 664*n - 64 = 662*n. Calculate the remainder when n is divided by 85/8 - 57/(-152).
10
Suppose -9*z + 616 = -590. What is the remainder when z is divided by 21?
8
Suppose -141*z - 55 = -142*z. What is the remainder when 129 is divided by z?
19
Let o(q) = -q**3 + q**2 + 31*q - 3. What is the remainder when o(6) is divided by 2?
1
What is the remainder when (-14)/2 + (704/(-22) - -59) is divided by 3/(1 - (2 - 2))?
2
Let n(q) = q**2 - 15*q - 18. Let p be n(17). Suppose p + 7 = k. What is the remainder when k is divided by 12?
11
Let u(h) = -h**2 - 19*h + 16. Let z be u(-16). Let s = -51 + z. What is the remainder when 76 is divided by s?
11
Calculate the remainder when 1169 is divided by (1444/57 - 24)*(-234)/(-8).
38
Let v = -25 + 33. Let g(n) = n + 11. Calculate the remainder when g(v) is divided by 5.
4
Suppose 3*y - 5*y = -6. Suppose y*h = -0*h - 123. Let w = -9 - h. Calculate the remainder when w is divided by 11.
10
Let w(a) = -a + 28. Let h be w(25). Suppose 3*y + 9 = -r + 4*r, 2*y - 4 = -h*r. What is the remainder when 12 is divided by r?
0
Let q = 574 - 510. Calculate the remainder when 106 is divided by q.
42
Calculate the remainder when 52 is divided by 10/(-4) + (-45)/(-2).
12
Let a(w) = -w**2 - 19*w + 72. Suppose 2*d - r = 82, -28 + 218 = 5*d + 5*r. Calculate the remainder when d is divided by a(-22).
4
What is the remainder when 35 is divided by (1 - (-5 - -4 - -6)) + 23?
16
Let z(b) = 2*b**2 + 4*b - 4. Suppose -n - 4 + 13 = 0. What is the remainder when z(3) is divided by n?
8
Suppose -5737 + 921 = -14*n. What is the remainder when n is divided by 15?
14
Let j be 48/22 - 4/22. Let m(n) = 4*n + 2. What is the remainder when 98 is divided by m(j)?
8
Let g(p) = -3*p + 42. Suppose 15 = 2*j + 3. What is the remainder when g(11) is divided by j?
3
Let t = 10 - 22. Calculate the remainder when (124/12)/((-2)/t) is divided by 21.
20
Calculate the remainder when 568/(-6)*(-6 + (-357)/(-68)) is divided by 5.
1
Let n(m) be the second derivative of m**4/12 - 7*m**3/3 + 10*m**2 - 24*m. Let s(p) = 8*p**2 - 4*p + 3. What is the remainder when s(2) is divided by n(13)?
6
Let f = 14 + -20. What is the remainder when (-46)/f - 7/(-21) is divided by 69/15 + 2/5?
3
Let o(r) = -r**3 + 2*r**2 - 2*r + 6. What is the remainder when 16 is divided by o(0)?
4
Let f = -482 + 737. What is the remainder when f is divided by 52?
47
What is the remainder when -1 - (195/10)/((-10)/20) is divided by 1/4 + (-51)/(-4)?
12
Suppose 2*o - 32 = -4*l + 2*l, -3*o + 4*l + 83 = 0. Calculate the remainder when (-10)/(0 + 4/(-16)) is divided by o.
19
Let w = -39 - -41. Suppose 0 = -4*g + 5*g + w. Calculate the remainder when (-1096)/(-14) + g/7 is divided by 20.
18
Suppose 2*p - 11 = 29. Suppose -p = d - 57. Suppose 3*r = -3*w - d + 100, 2*r = 5*w - 91. Calculate the remainder when w is divided by 5.
4
Let s(p) = p**3 + 16*p**2 + 13*p - 21. Calculate the remainder when s(-14) is divided by 12.
9
Suppose 5*y - 20 = 3*h - 2*h, 3*y - 5*h = -10. Let r(v) = 4 - 3*v - 7*v**2 - v**3 - 5 - y. What is the remainder when r(-7) is divided by 6?
3
Suppose -2*d = 3*b - 1 - 2, d + 3*b = -3. Let c(r) = 2*r**2 + 133*r + 770. Calculate the remainder when c(-6) is divided by d.
2
Suppose -4*b - 5*l = -98, -4*l + 9*l - 71 = -3*b. Let s = 1 + 4. Calculate the remainder when b is divided by s.
2
Let j = 138 - 81. Let q = 67 - j. What is the remainder when q is divided by 8?
2
Let p = -205 - -245. What is the remainder when p is divided by 16?
8
Let s be (8/5)/(2/5). Suppose 9 = -4*a + 1, -c = -s*a - 22. What is the remainder when 54 is divided by c?
12
Let d = -74 - -75. Let u be (-70)/(-20) + 2/(-4). What is the remainder when (-1 - 0)/(u - 4) is divided by d?
0
Let m be 4/(-20) + (84/(-5))/(-4). Suppose -97 = -w - 2*t, -4*t - 84 - 364 = -m*w. Calculate the remainder when w is divided by 36.
35
Let h(l) = -21*l + 15. Let y be h(-5). What is the remainder when 172 is divided by (-1)/((-4)/(y + -4))?
27
Let y = 1967 - 1853. What is the remainder when y is divided by 43?
28
Suppose -5*k - 15 = 2*m, 3*k + 0*k = 5*m + 22. Let v(d) = -12*d**2 - d. Let w be v(k). Let r = w + 24. Calculate the remainder when 36 is divided by r.
10
Let c = -88 + 129. Suppose 0 = 2*z + 2*x - 50, 0 = -z + 2*x - 7 + c. Calculate the remainder when 75 is divided by ((-38)/8)/((-7)/z).
18
Suppose -3*b + 237 = 69. Suppose 5*p - b = -16. Suppose -3*a = -4*s + 90, 0 = 7*a - 2*a + 10. Calculate the remainder when s is divided by p.
5
Let d(c) = 8*c**2 + c - 1. Suppose 2*i - 3 = 1. Suppose -3*v + i*v + 2 = 0. What is the remainder when d(v) is divided by 9?
6
Let x = 26 + -13. Suppose -6*i + 100 = -i. Calculate the remainder when i is divided by (x - -1)/(28/14).
6
Let c(n) = -2*n + 17. Let w be c(10). Let x = w + 6. Suppose 42 = -i + x*i. What is the remainder when i is divided by 11?
10
Suppose 3*u = 17 + 16. Calculate the remainder when 20 is divided by u.
9
Let z(f) = -f**3 + 8*f**2 + 14*f - 5. What is the remainder when z(6) is divided by 39?
34
Suppose -3*s + 6 = -21. Let g be (-3)/s*2*-18. Suppose -3*v - 25 = -h + g, 0 = -5*v - 25. Calculate the remainder when h is divided by 5.
2
Let o be (-5)/(4 + -5 + 0). Suppose o + 15 = 4*f. Calculate the remainder when 16 is divided by f.
1
Suppose 10 = 9*i - 26. Suppose 6*j = -i*j + 40. Calculate the remainder when 9 is divided by j.
1
Let n(u) = 327*u + 14. What is the remainder when n(4) is divided by 34?
30
Let z(p) = p**2 - 9*p + 10. Calculate the remainder when z(-8) is divided by 26.
16
Let t(m) = m**3 - 2*m - 2. Suppose -9 = -2*l - l. What is the remainder when 111 is divided by t(l)?
16
Let w = 3 - -2. Suppose -3*s + 39 = 4*l - l, -s - 77 = -4*l. Calculate the remainder when l is divided by w.
3
Suppose -4*n = -5*a - 58, -3*a + 23 - 102 = -5*n. Suppose 5*f - n = 8. Calculate the remainder when 9 is divided by f.
4
Let j be ((-3)/4)/(2/8). Let y = j + 6. Suppose -3083*w + 19 = -3064*w. Calculate the remainder when y is divided by w.
0
Suppose 5*f + 11 + 214 = 5*v, -3*v + 4*f = -138. Calculate the remainder when 92 is divided by v.
8
Suppose -55*t = -58*t - 120. Calculate the remainder when ((-168)/(-20))/((-12)/t) is divided by 9.
1
Suppose 1504 = -5*d + 21*d. What is the remainder when d is divided by 33?
28
Let w(l) = l**3 + 7*l**2 - 9*l - 51. Calculate the remainder when 16 is divided by w(-7).
4
Suppose 33*q + 965 = 2516. What is the remainder when 85 is divided by q?
38
Suppose 2*h - 24 = -2*v, 4 = 5*v - 11. What is the remainder when 52 is divided by h?
7
Let i(j) = 25*j - 3. Let k(s) = -s**3 - 10*s**2 + s + 11. Let x be k(-10). Let b = 98 + -57. Calculate the remainder when b is divided by i(x).
19
Let u(n) = 2*n**3 - n**2 + 3*n + 3. Calculate the remainder when 16 is divided by u(0).
1
Let s = 131 - 197. Let l = -35 - s. Suppose 0*t = -5*t + 80. What is the remainder when l is divided by t?
15
Let b(g) = 2*g**3 - 5*g**2 + 2*g + 2. What is the remainder when (-1)/1*235/(-5) is divided by b(3)?
13
Let u(f) = -13*f + 14. Let p(s) = s**2 - 3*s - 11. Let d be p(8). Let t = -14 + d. What is the remainder when u(-2) is divided by t?
10
Let a(r) = 6*r**2 + 362*r + 148. Let b = 932 + -531. Suppose -v + 4 = 0, 5*y = 3*v - 2*v + b. What is the remainder when y is divided by a(-60)?
25
Let l(d) = -5*d**3 + 6*d**2 - 4*d. Let m = 12 - 6. Let i be l(m). Calculate the remainder when (-4)/(-10) - i/30 is divided by 16.
14
Suppose -2*c = -29*c + 945. Calculate the remainder when 124 is divided by c.
19
Let w(m) = -m**2 - 10*m - 7. Let a be w(-9). What is the remainder when ((-6)/30 - 914/(-20))*a is divided by 23?
22
Let c = 44 + -60. Let v = 54 + c. Calculate the remainder when v is divided by 2/1 - (-2 + -6).
8
Let s(u) = -4*u**2 - u - 2. Let l be s(-1). What is the remainder when (10 + l)*(-3 - (-532)/20) is divided by 12?
10
Let y be (-4)/14 + (-176)/(-77). Suppose y*j - 118 + 4 = -4*x, -4*j - 2*x + 222 = 0. What is the remaind